{"version":"1.0","provider_name":"50 Jahre Volleyball-Abteilung im RTV","provider_url":"https:\/\/50jahrevolleyball.seosystem.de","author_name":"Redaktion 50 Jahre Volleyball","author_url":"https:\/\/50jahrevolleyball.seosystem.de\/index.php\/author\/redaktion-50-jahre-volleyball\/","title":"Photographen - 50 Jahre Volleyball-Abteilung im RTV","type":"rich","width":600,"height":338,"html":"<blockquote class=\"wp-embedded-content\" data-secret=\"vpX5L8KlSw\"><a href=\"https:\/\/50jahrevolleyball.seosystem.de\/index.php\/photographen\/\">Photographen<\/a><\/blockquote><iframe sandbox=\"allow-scripts\" security=\"restricted\" src=\"https:\/\/50jahrevolleyball.seosystem.de\/index.php\/photographen\/embed\/#?secret=vpX5L8KlSw\" width=\"600\" height=\"338\" title=\"&#8222;Photographen&#8220; &#8212; 50 Jahre Volleyball-Abteilung im RTV\" data-secret=\"vpX5L8KlSw\" frameborder=\"0\" marginwidth=\"0\" marginheight=\"0\" scrolling=\"no\" class=\"wp-embedded-content\"><\/iframe><script type=\"text\/javascript\">\n\/*! This file is auto-generated *\/\n!function(c,d){\"use strict\";var e=!1,o=!1;if(d.querySelector)if(c.addEventListener)e=!0;if(c.wp=c.wp||{},c.wp.receiveEmbedMessage);else if(c.wp.receiveEmbedMessage=function(e){var t=e.data;if(!t);else if(!(t.secret||t.message||t.value));else if(\/[^a-zA-Z0-9]\/.test(t.secret));else{for(var r,s,a,i=d.querySelectorAll('iframe[data-secret=\"'+t.secret+'\"]'),n=d.querySelectorAll('blockquote[data-secret=\"'+t.secret+'\"]'),o=new RegExp(\"^https?:$\",\"i\"),l=0;l<n.length;l++)n[l].style.display=\"none\";for(l=0;l<i.length;l++)if(r=i[l],e.source!==r.contentWindow);else{if(r.removeAttribute(\"style\"),\"height\"===t.message){if(1e3<(s=parseInt(t.value,10)))s=1e3;else if(~~s<200)s=200;r.height=s}if(\"link\"===t.message)if(s=d.createElement(\"a\"),a=d.createElement(\"a\"),s.href=r.getAttribute(\"src\"),a.href=t.value,!o.test(a.protocol));else if(a.host===s.host)if(d.activeElement===r)c.top.location.href=t.value}}},e)c.addEventListener(\"message\",c.wp.receiveEmbedMessage,!1),d.addEventListener(\"DOMContentLoaded\",t,!1),c.addEventListener(\"load\",t,!1);function t(){if(o);else{o=!0;for(var e,t,r,s=-1!==navigator.appVersion.indexOf(\"MSIE 10\"),a=!!navigator.userAgent.match(\/Trident.*rv:11\\.\/),i=d.querySelectorAll(\"iframe.wp-embedded-content\"),n=0;n<i.length;n++){if(!(r=(t=i[n]).getAttribute(\"data-secret\")))r=Math.random().toString(36).substr(2,10),t.src+=\"#?secret=\"+r,t.setAttribute(\"data-secret\",r);if(s||a)(e=t.cloneNode(!0)).removeAttribute(\"security\"),t.parentNode.replaceChild(e,t);t.contentWindow.postMessage({message:\"ready\",secret:r},\"*\")}}}}(window,document);\n<\/script>\n","description":"Unsere flei\u00dfigen Photographen haben so viel wie m\u00f6glich festgehalten &#8230; Unser Dank gilt Ihnen, denn nun haben wir die M\u00f6glichkeit, wieder und wieder die vielen Momente des Tages Revue passieren zu lassen. Ich habe die Bilder so eingestellt, wie ich sie bekommen habe &#8211; so hat auch jeder Photograph mehr oder weniger seine Handschrift hinterlassen [&hellip;]"}

Unsere fleißigen Photographen haben so viel wie möglich festgehalten &#8230; Unser Dank gilt Ihnen, denn nun haben wir die Möglichkeit, wieder und wieder die vielen Momente des Tages Revue passieren zu lassen. Ich habe die Bilder so eingestellt, wie ich sie bekommen habe &#8211; so hat auch jeder Photograph mehr oder weniger seine Handschrift hinterlassen [&hellip;]
