{"id":510,"date":"2022-08-02T09:55:51","date_gmt":"2022-08-02T09:55:51","guid":{"rendered":"https:\/\/50jahrevolleyball.seosystem.de\/?page_id=510"},"modified":"2022-08-02T21:10:22","modified_gmt":"2022-08-02T21:10:22","slug":"photographen","status":"publish","type":"page","link":"https:\/\/50jahrevolleyball.seosystem.de\/index.php\/photographen\/","title":{"rendered":"Photographen"},"content":{"rendered":"\n<p>Unsere flei\u00dfigen Photographen haben so viel wie m\u00f6glich festgehalten &#8230;<\/p>\n\n\n\n<p>Unser Dank gilt Ihnen, denn nun haben wir die M\u00f6glichkeit, wieder und wieder die vielen Momente des Tages Revue passieren zu lassen. Ich habe die Bilder so eingestellt, wie ich sie bekommen habe &#8211; so hat auch jeder Photograph mehr oder weniger seine Handschrift hinterlassen &#8230;., macht Euch selber ein Bild, sind ja genug davon da  \ud83d\ude09<\/p>\n","protected":false},"excerpt":{"rendered":"<p>Unsere flei\u00dfigen Photographen haben so viel wie m\u00f6glich festgehalten &#8230; Unser Dank gilt Ihnen, denn nun haben wir die M\u00f6glichkeit, wieder und wieder die vielen Momente des Tages Revue passieren zu lassen. Ich habe die Bilder so eingestellt, wie ich sie bekommen habe &#8211; so hat auch jeder Photograph mehr oder weniger seine Handschrift hinterlassen [&hellip;]<\/p>\n","protected":false},"author":2,"featured_media":0,"parent":0,"menu_order":0,"comment_status":"closed","ping_status":"closed","template":"","meta":[],"yoast_head":"<!-- This site is optimized with the Yoast SEO plugin v19.7.1 - https:\/\/yoast.com\/wordpress\/plugins\/seo\/ -->\n<title>Photographen - 50 Jahre Volleyball-Abteilung im RTV<\/title>\n<meta name=\"robots\" content=\"index, follow, max-snippet:-1, max-image-preview:large, max-video-preview:-1\" \/>\n<link rel=\"canonical\" href=\"https:\/\/50jahrevolleyball.seosystem.de\/index.php\/photographen\/\" \/>\n<meta property=\"og:locale\" content=\"de_DE\" \/>\n<meta property=\"og:type\" content=\"article\" \/>\n<meta property=\"og:title\" content=\"Photographen - 50 Jahre Volleyball-Abteilung im RTV\" \/>\n<meta property=\"og:description\" content=\"Unsere flei\u00dfigen Photographen haben so viel wie m\u00f6glich festgehalten &#8230; Unser Dank gilt Ihnen, denn nun haben wir die M\u00f6glichkeit, wieder und wieder die vielen Momente des Tages Revue passieren zu lassen. Ich habe die Bilder so eingestellt, wie ich sie bekommen habe &#8211; so hat auch jeder Photograph mehr oder weniger seine Handschrift hinterlassen [&hellip;]\" \/>\n<meta property=\"og:url\" content=\"https:\/\/50jahrevolleyball.seosystem.de\/index.php\/photographen\/\" \/>\n<meta property=\"og:site_name\" content=\"50 Jahre Volleyball-Abteilung im RTV\" \/>\n<meta property=\"article:modified_time\" content=\"2022-08-02T21:10:22+00:00\" \/>\n<meta name=\"twitter:card\" content=\"summary_large_image\" \/>\n<meta name=\"twitter:label1\" content=\"Gesch\u00e4tzte Lesezeit\" \/>\n\t<meta name=\"twitter:data1\" content=\"1\u00a0Minute\" \/>\n<script type=\"application\/ld+json\" class=\"yoast-schema-graph\">{\"@context\":\"https:\/\/schema.org\",\"@graph\":[{\"@type\":\"WebPage\",\"@id\":\"https:\/\/50jahrevolleyball.seosystem.de\/index.php\/photographen\/\",\"url\":\"https:\/\/50jahrevolleyball.seosystem.de\/index.php\/photographen\/\",\"name\":\"Photographen - 50 Jahre Volleyball-Abteilung im RTV\",\"isPartOf\":{\"@id\":\"https:\/\/50jahrevolleyball.seosystem.de\/#website\"},\"datePublished\":\"2022-08-02T09:55:51+00:00\",\"dateModified\":\"2022-08-02T21:10:22+00:00\",\"breadcrumb\":{\"@id\":\"https:\/\/50jahrevolleyball.seosystem.de\/index.php\/photographen\/#breadcrumb\"},\"inLanguage\":\"de\",\"potentialAction\":[{\"@type\":\"ReadAction\",\"target\":[\"https:\/\/50jahrevolleyball.seosystem.de\/index.php\/photographen\/\"]}]},{\"@type\":\"BreadcrumbList\",\"@id\":\"https:\/\/50jahrevolleyball.seosystem.de\/index.php\/photographen\/#breadcrumb\",\"itemListElement\":[{\"@type\":\"ListItem\",\"position\":1,\"name\":\"Home\",\"item\":\"https:\/\/50jahrevolleyball.seosystem.de\/\"},{\"@type\":\"ListItem\",\"position\":2,\"name\":\"Photographen\"}]},{\"@type\":\"WebSite\",\"@id\":\"https:\/\/50jahrevolleyball.seosystem.de\/#website\",\"url\":\"https:\/\/50jahrevolleyball.seosystem.de\/\",\"name\":\"50 Jahre Volleyball-Abteilung im RTV\",\"description\":\"50 Jahre Rolf D\u00f6hrer\",\"potentialAction\":[{\"@type\":\"SearchAction\",\"target\":{\"@type\":\"EntryPoint\",\"urlTemplate\":\"https:\/\/50jahrevolleyball.seosystem.de\/?s={search_term_string}\"},\"query-input\":\"required name=search_term_string\"}],\"inLanguage\":\"de\"}]}<\/script>\n<!-- \/ Yoast SEO plugin. -->","yoast_head_json":{"title":"Photographen - 50 Jahre Volleyball-Abteilung im RTV","robots":{"index":"index","follow":"follow","max-snippet":"max-snippet:-1","max-image-preview":"max-image-preview:large","max-video-preview":"max-video-preview:-1"},"canonical":"https:\/\/50jahrevolleyball.seosystem.de\/index.php\/photographen\/","og_locale":"de_DE","og_type":"article","og_title":"Photographen - 50 Jahre Volleyball-Abteilung im RTV","og_description":"Unsere flei\u00dfigen Photographen haben so viel wie m\u00f6glich festgehalten &#8230; Unser Dank gilt Ihnen, denn nun haben wir die M\u00f6glichkeit, wieder und wieder die vielen Momente des Tages Revue passieren zu lassen. Ich habe die Bilder so eingestellt, wie ich sie bekommen habe &#8211; so hat auch jeder Photograph mehr oder weniger seine Handschrift hinterlassen [&hellip;]","og_url":"https:\/\/50jahrevolleyball.seosystem.de\/index.php\/photographen\/","og_site_name":"50 Jahre Volleyball-Abteilung im RTV","article_modified_time":"2022-08-02T21:10:22+00:00","twitter_card":"summary_large_image","twitter_misc":{"Gesch\u00e4tzte Lesezeit":"1\u00a0Minute"},"schema":{"@context":"https:\/\/schema.org","@graph":[{"@type":"WebPage","@id":"https:\/\/50jahrevolleyball.seosystem.de\/index.php\/photographen\/","url":"https:\/\/50jahrevolleyball.seosystem.de\/index.php\/photographen\/","name":"Photographen - 50 Jahre Volleyball-Abteilung im RTV","isPartOf":{"@id":"https:\/\/50jahrevolleyball.seosystem.de\/#website"},"datePublished":"2022-08-02T09:55:51+00:00","dateModified":"2022-08-02T21:10:22+00:00","breadcrumb":{"@id":"https:\/\/50jahrevolleyball.seosystem.de\/index.php\/photographen\/#breadcrumb"},"inLanguage":"de","potentialAction":[{"@type":"ReadAction","target":["https:\/\/50jahrevolleyball.seosystem.de\/index.php\/photographen\/"]}]},{"@type":"BreadcrumbList","@id":"https:\/\/50jahrevolleyball.seosystem.de\/index.php\/photographen\/#breadcrumb","itemListElement":[{"@type":"ListItem","position":1,"name":"Home","item":"https:\/\/50jahrevolleyball.seosystem.de\/"},{"@type":"ListItem","position":2,"name":"Photographen"}]},{"@type":"WebSite","@id":"https:\/\/50jahrevolleyball.seosystem.de\/#website","url":"https:\/\/50jahrevolleyball.seosystem.de\/","name":"50 Jahre Volleyball-Abteilung im RTV","description":"50 Jahre Rolf D\u00f6hrer","potentialAction":[{"@type":"SearchAction","target":{"@type":"EntryPoint","urlTemplate":"https:\/\/50jahrevolleyball.seosystem.de\/?s={search_term_string}"},"query-input":"required name=search_term_string"}],"inLanguage":"de"}]}},"_links":{"self":[{"href":"https:\/\/50jahrevolleyball.seosystem.de\/index.php\/wp-json\/wp\/v2\/pages\/510"}],"collection":[{"href":"https:\/\/50jahrevolleyball.seosystem.de\/index.php\/wp-json\/wp\/v2\/pages"}],"about":[{"href":"https:\/\/50jahrevolleyball.seosystem.de\/index.php\/wp-json\/wp\/v2\/types\/page"}],"author":[{"embeddable":true,"href":"https:\/\/50jahrevolleyball.seosystem.de\/index.php\/wp-json\/wp\/v2\/users\/2"}],"replies":[{"embeddable":true,"href":"https:\/\/50jahrevolleyball.seosystem.de\/index.php\/wp-json\/wp\/v2\/comments?post=510"}],"version-history":[{"count":6,"href":"https:\/\/50jahrevolleyball.seosystem.de\/index.php\/wp-json\/wp\/v2\/pages\/510\/revisions"}],"predecessor-version":[{"id":1355,"href":"https:\/\/50jahrevolleyball.seosystem.de\/index.php\/wp-json\/wp\/v2\/pages\/510\/revisions\/1355"}],"wp:attachment":[{"href":"https:\/\/50jahrevolleyball.seosystem.de\/index.php\/wp-json\/wp\/v2\/media?parent=510"}],"curies":[{"name":"wp","href":"https:\/\/api.w.org\/{rel}","templated":true}]}}