{"id":53,"date":"2022-08-01T19:33:36","date_gmt":"2022-08-01T19:33:36","guid":{"rendered":"https:\/\/50jahrevolleyball.seosystem.de\/?page_id=53"},"modified":"2022-08-02T21:03:57","modified_gmt":"2022-08-02T21:03:57","slug":"das-jubilaeum","status":"publish","type":"page","link":"https:\/\/50jahrevolleyball.seosystem.de\/index.php\/das-jubilaeum\/","title":{"rendered":"Das Jubil\u00e4um"},"content":{"rendered":"\n<p>Wir haben im Vorfeld der Organisation und beim Sichten von Mailadressen und Kontakten nicht im Mindesten daran gedacht, dass wir einen solchen Erfolg mit unserem Jubil\u00e4umstag am 25.06.2022 haben k\u00f6nnten. <\/p>\n\n\n\n<p>Viele Mails waren nicht mehr g\u00fcltig, Personen nicht mehr recherchierbar, mein Mailprogramm hat nach den ersten Massenmails sich massenhaft mit Fehlermeldungen zur Wehr gesetzt. Nicht zuletzt mit Rolfs langem Atem und seiner Motivation sind wir dran geblieben, haben die Daten verbessert, wiederholt versendet und neue Erkenntnisse gewonnen. So ist es gelungen Eure supertolle Beteiligung f\u00fcr Nachmittag und Abend auf die Beine zu stellen, auf die wir stolz sind und diese Wahnsinnsressonanz ist f\u00fcr Rolf das \u00fcberaus verdiente und  w\u00fcrdigende Zeichen seines Lebenswerks, seines permanenten Einsatzes, seiner Hingabe f\u00fcr die Volleyball-Abteilung des RTV.<\/p>\n\n\n\n<p>Zusammenfassend kann man sagen: Ein toller Tag mit soviel Anteil von Euch allen! Wir als Abteilungsleitung waren total begeistert, allen voran wie bereits geschrieben Rolf. Ein gro\u00dfer Tag f\u00fcr ihn und f\u00fcr uns alle als Teil der Volleyballfamilie des RTV ebenso.<\/p>\n\n\n\n<p>Euer Martin  &#8211;  stellvertretender Abteilungsleiter (mit Uwe)<\/p>\n\n\n\n<p><\/p>\n\n\n\n<p><\/p>\n","protected":false},"excerpt":{"rendered":"<p>Wir haben im Vorfeld der Organisation und beim Sichten von Mailadressen und Kontakten nicht im Mindesten daran gedacht, dass wir einen solchen Erfolg mit unserem Jubil\u00e4umstag am 25.06.2022 haben k\u00f6nnten. Viele Mails waren nicht mehr g\u00fcltig, Personen nicht mehr recherchierbar, mein Mailprogramm hat nach den ersten Massenmails sich massenhaft mit Fehlermeldungen zur Wehr gesetzt. Nicht [&hellip;]<\/p>\n","protected":false},"author":2,"featured_media":62,"parent":0,"menu_order":0,"comment_status":"closed","ping_status":"closed","template":"","meta":[],"yoast_head":"<!-- This site is optimized with the Yoast SEO plugin v19.7.1 - https:\/\/yoast.com\/wordpress\/plugins\/seo\/ -->\n<title>Das Jubil\u00e4um - 50 Jahre Volleyball-Abteilung im RTV<\/title>\n<meta name=\"robots\" content=\"index, follow, max-snippet:-1, max-image-preview:large, max-video-preview:-1\" \/>\n<link rel=\"canonical\" href=\"https:\/\/50jahrevolleyball.seosystem.de\/index.php\/das-jubilaeum\/\" \/>\n<meta property=\"og:locale\" content=\"de_DE\" \/>\n<meta property=\"og:type\" content=\"article\" \/>\n<meta property=\"og:title\" content=\"Das Jubil\u00e4um - 50 Jahre Volleyball-Abteilung im RTV\" \/>\n<meta property=\"og:description\" content=\"Wir haben im Vorfeld der Organisation und beim Sichten von Mailadressen und Kontakten nicht im Mindesten daran gedacht, dass wir einen solchen Erfolg mit unserem Jubil\u00e4umstag am 25.06.2022 haben k\u00f6nnten. Viele Mails waren nicht mehr g\u00fcltig, Personen nicht mehr recherchierbar, mein Mailprogramm hat nach den ersten Massenmails sich massenhaft mit Fehlermeldungen zur Wehr gesetzt. Nicht [&hellip;]\" \/>\n<meta property=\"og:url\" content=\"https:\/\/50jahrevolleyball.seosystem.de\/index.php\/das-jubilaeum\/\" \/>\n<meta property=\"og:site_name\" content=\"50 Jahre Volleyball-Abteilung im RTV\" \/>\n<meta property=\"article:modified_time\" content=\"2022-08-02T21:03:57+00:00\" \/>\n<meta property=\"og:image\" content=\"https:\/\/50jahrevolleyball.seosystem.de\/wp-content\/uploads\/2022\/08\/IMG_4956-scaled.jpg\" \/>\n\t<meta property=\"og:image:width\" content=\"2560\" \/>\n\t<meta property=\"og:image:height\" content=\"1555\" \/>\n\t<meta property=\"og:image:type\" content=\"image\/jpeg\" \/>\n<meta name=\"twitter:card\" content=\"summary_large_image\" \/>\n<meta name=\"twitter:label1\" content=\"Gesch\u00e4tzte Lesezeit\" \/>\n\t<meta name=\"twitter:data1\" content=\"1\u00a0Minute\" \/>\n<script type=\"application\/ld+json\" class=\"yoast-schema-graph\">{\"@context\":\"https:\/\/schema.org\",\"@graph\":[{\"@type\":\"WebPage\",\"@id\":\"https:\/\/50jahrevolleyball.seosystem.de\/index.php\/das-jubilaeum\/\",\"url\":\"https:\/\/50jahrevolleyball.seosystem.de\/index.php\/das-jubilaeum\/\",\"name\":\"Das Jubil\u00e4um - 50 Jahre Volleyball-Abteilung im RTV\",\"isPartOf\":{\"@id\":\"https:\/\/50jahrevolleyball.seosystem.de\/#website\"},\"datePublished\":\"2022-08-01T19:33:36+00:00\",\"dateModified\":\"2022-08-02T21:03:57+00:00\",\"breadcrumb\":{\"@id\":\"https:\/\/50jahrevolleyball.seosystem.de\/index.php\/das-jubilaeum\/#breadcrumb\"},\"inLanguage\":\"de\",\"potentialAction\":[{\"@type\":\"ReadAction\",\"target\":[\"https:\/\/50jahrevolleyball.seosystem.de\/index.php\/das-jubilaeum\/\"]}]},{\"@type\":\"BreadcrumbList\",\"@id\":\"https:\/\/50jahrevolleyball.seosystem.de\/index.php\/das-jubilaeum\/#breadcrumb\",\"itemListElement\":[{\"@type\":\"ListItem\",\"position\":1,\"name\":\"Home\",\"item\":\"https:\/\/50jahrevolleyball.seosystem.de\/\"},{\"@type\":\"ListItem\",\"position\":2,\"name\":\"Das Jubil\u00e4um\"}]},{\"@type\":\"WebSite\",\"@id\":\"https:\/\/50jahrevolleyball.seosystem.de\/#website\",\"url\":\"https:\/\/50jahrevolleyball.seosystem.de\/\",\"name\":\"50 Jahre Volleyball-Abteilung im RTV\",\"description\":\"50 Jahre Rolf D\u00f6hrer\",\"potentialAction\":[{\"@type\":\"SearchAction\",\"target\":{\"@type\":\"EntryPoint\",\"urlTemplate\":\"https:\/\/50jahrevolleyball.seosystem.de\/?s={search_term_string}\"},\"query-input\":\"required name=search_term_string\"}],\"inLanguage\":\"de\"}]}<\/script>\n<!-- \/ Yoast SEO plugin. -->","yoast_head_json":{"title":"Das Jubil\u00e4um - 50 Jahre Volleyball-Abteilung im RTV","robots":{"index":"index","follow":"follow","max-snippet":"max-snippet:-1","max-image-preview":"max-image-preview:large","max-video-preview":"max-video-preview:-1"},"canonical":"https:\/\/50jahrevolleyball.seosystem.de\/index.php\/das-jubilaeum\/","og_locale":"de_DE","og_type":"article","og_title":"Das Jubil\u00e4um - 50 Jahre Volleyball-Abteilung im RTV","og_description":"Wir haben im Vorfeld der Organisation und beim Sichten von Mailadressen und Kontakten nicht im Mindesten daran gedacht, dass wir einen solchen Erfolg mit unserem Jubil\u00e4umstag am 25.06.2022 haben k\u00f6nnten. Viele Mails waren nicht mehr g\u00fcltig, Personen nicht mehr recherchierbar, mein Mailprogramm hat nach den ersten Massenmails sich massenhaft mit Fehlermeldungen zur Wehr gesetzt. Nicht [&hellip;]","og_url":"https:\/\/50jahrevolleyball.seosystem.de\/index.php\/das-jubilaeum\/","og_site_name":"50 Jahre Volleyball-Abteilung im RTV","article_modified_time":"2022-08-02T21:03:57+00:00","og_image":[{"width":2560,"height":1555,"url":"https:\/\/50jahrevolleyball.seosystem.de\/wp-content\/uploads\/2022\/08\/IMG_4956-scaled.jpg","type":"image\/jpeg"}],"twitter_card":"summary_large_image","twitter_misc":{"Gesch\u00e4tzte Lesezeit":"1\u00a0Minute"},"schema":{"@context":"https:\/\/schema.org","@graph":[{"@type":"WebPage","@id":"https:\/\/50jahrevolleyball.seosystem.de\/index.php\/das-jubilaeum\/","url":"https:\/\/50jahrevolleyball.seosystem.de\/index.php\/das-jubilaeum\/","name":"Das Jubil\u00e4um - 50 Jahre Volleyball-Abteilung im RTV","isPartOf":{"@id":"https:\/\/50jahrevolleyball.seosystem.de\/#website"},"datePublished":"2022-08-01T19:33:36+00:00","dateModified":"2022-08-02T21:03:57+00:00","breadcrumb":{"@id":"https:\/\/50jahrevolleyball.seosystem.de\/index.php\/das-jubilaeum\/#breadcrumb"},"inLanguage":"de","potentialAction":[{"@type":"ReadAction","target":["https:\/\/50jahrevolleyball.seosystem.de\/index.php\/das-jubilaeum\/"]}]},{"@type":"BreadcrumbList","@id":"https:\/\/50jahrevolleyball.seosystem.de\/index.php\/das-jubilaeum\/#breadcrumb","itemListElement":[{"@type":"ListItem","position":1,"name":"Home","item":"https:\/\/50jahrevolleyball.seosystem.de\/"},{"@type":"ListItem","position":2,"name":"Das Jubil\u00e4um"}]},{"@type":"WebSite","@id":"https:\/\/50jahrevolleyball.seosystem.de\/#website","url":"https:\/\/50jahrevolleyball.seosystem.de\/","name":"50 Jahre Volleyball-Abteilung im RTV","description":"50 Jahre Rolf D\u00f6hrer","potentialAction":[{"@type":"SearchAction","target":{"@type":"EntryPoint","urlTemplate":"https:\/\/50jahrevolleyball.seosystem.de\/?s={search_term_string}"},"query-input":"required name=search_term_string"}],"inLanguage":"de"}]}},"_links":{"self":[{"href":"https:\/\/50jahrevolleyball.seosystem.de\/index.php\/wp-json\/wp\/v2\/pages\/53"}],"collection":[{"href":"https:\/\/50jahrevolleyball.seosystem.de\/index.php\/wp-json\/wp\/v2\/pages"}],"about":[{"href":"https:\/\/50jahrevolleyball.seosystem.de\/index.php\/wp-json\/wp\/v2\/types\/page"}],"author":[{"embeddable":true,"href":"https:\/\/50jahrevolleyball.seosystem.de\/index.php\/wp-json\/wp\/v2\/users\/2"}],"replies":[{"embeddable":true,"href":"https:\/\/50jahrevolleyball.seosystem.de\/index.php\/wp-json\/wp\/v2\/comments?post=53"}],"version-history":[{"count":7,"href":"https:\/\/50jahrevolleyball.seosystem.de\/index.php\/wp-json\/wp\/v2\/pages\/53\/revisions"}],"predecessor-version":[{"id":1349,"href":"https:\/\/50jahrevolleyball.seosystem.de\/index.php\/wp-json\/wp\/v2\/pages\/53\/revisions\/1349"}],"wp:featuredmedia":[{"embeddable":true,"href":"https:\/\/50jahrevolleyball.seosystem.de\/index.php\/wp-json\/wp\/v2\/media\/62"}],"wp:attachment":[{"href":"https:\/\/50jahrevolleyball.seosystem.de\/index.php\/wp-json\/wp\/v2\/media?parent=53"}],"curies":[{"name":"wp","href":"https:\/\/api.w.org\/{rel}","templated":true}]}}

Das Jubiläum

<p>Wir haben im Vorfeld der Organisation und beim Sichten von Mailadressen und Kontakten nicht im Mindesten daran gedacht, dass wir einen solchen Erfolg mit unserem Jubiläumstag am 25.06.2022 haben könnten. </p>



<p>Viele Mails waren nicht mehr gültig, Personen nicht mehr recherchierbar, mein Mailprogramm hat nach den ersten Massenmails sich massenhaft mit Fehlermeldungen zur Wehr gesetzt. Nicht zuletzt mit Rolfs langem Atem und seiner Motivation sind wir dran geblieben, haben die Daten verbessert, wiederholt versendet und neue Erkenntnisse gewonnen. So ist es gelungen Eure supertolle Beteiligung für Nachmittag und Abend auf die Beine zu stellen, auf die wir stolz sind und diese Wahnsinnsressonanz ist für Rolf das überaus verdiente und  würdigende Zeichen seines Lebenswerks, seines permanenten Einsatzes, seiner Hingabe für die Volleyball-Abteilung des RTV.</p>



<p>Zusammenfassend kann man sagen: Ein toller Tag mit soviel Anteil von Euch allen! Wir als Abteilungsleitung waren total begeistert, allen voran wie bereits geschrieben Rolf. Ein großer Tag für ihn und für uns alle als Teil der Volleyballfamilie des RTV ebenso.</p>



<p>Euer Martin  &#8211;  stellvertretender Abteilungsleiter (mit Uwe)</p>



<p></p>



<p></p>

<p>Wir haben im Vorfeld der Organisation und beim Sichten von Mailadressen und Kontakten nicht im Mindesten daran gedacht, dass wir einen solchen Erfolg mit unserem Jubiläumstag am 25.06.2022 haben könnten. Viele Mails waren nicht mehr gültig, Personen nicht mehr recherchierbar, mein Mailprogramm hat nach den ersten Massenmails sich massenhaft mit Fehlermeldungen zur Wehr gesetzt. Nicht [&hellip;]</p>

<!-- This site is optimized with the Yoast SEO plugin v19.7.1 - https://yoast.com/wordpress/plugins/seo/ -->
<title>Das Jubiläum - 50 Jahre Volleyball-Abteilung im RTV</title>
<meta name="robots" content="index, follow, max-snippet:-1, max-image-preview:large, max-video-preview:-1" />
<link rel="canonical" href="https://50jahrevolleyball.seosystem.de/index.php/das-jubilaeum/" />
<meta property="og:locale" content="de_DE" />
<meta property="og:type" content="article" />
<meta property="og:title" content="Das Jubiläum - 50 Jahre Volleyball-Abteilung im RTV" />
<meta property="og:description" content="Wir haben im Vorfeld der Organisation und beim Sichten von Mailadressen und Kontakten nicht im Mindesten daran gedacht, dass wir einen solchen Erfolg mit unserem Jubiläumstag am 25.06.2022 haben könnten. Viele Mails waren nicht mehr gültig, Personen nicht mehr recherchierbar, mein Mailprogramm hat nach den ersten Massenmails sich massenhaft mit Fehlermeldungen zur Wehr gesetzt. Nicht [&hellip;]" />
<meta property="og:url" content="https://50jahrevolleyball.seosystem.de/index.php/das-jubilaeum/" />
<meta property="og:site_name" content="50 Jahre Volleyball-Abteilung im RTV" />
<meta property="article:modified_time" content="2022-08-02T21:03:57+00:00" />
<meta property="og:image" content="https://50jahrevolleyball.seosystem.de/wp-content/uploads/2022/08/IMG_4956-scaled.jpg" />
	<meta property="og:image:width" content="2560" />
	<meta property="og:image:height" content="1555" />
	<meta property="og:image:type" content="image/jpeg" />
<meta name="twitter:card" content="summary_large_image" />
<meta name="twitter:label1" content="Geschätzte Lesezeit" />
	<meta name="twitter:data1" content="1 Minute" />
<script type="application/ld+json" class="yoast-schema-graph">{"@context":"https://schema.org","@graph":[{"@type":"WebPage","@id":"https://50jahrevolleyball.seosystem.de/index.php/das-jubilaeum/","url":"https://50jahrevolleyball.seosystem.de/index.php/das-jubilaeum/","name":"Das Jubiläum - 50 Jahre Volleyball-Abteilung im RTV","isPartOf":{"@id":"https://50jahrevolleyball.seosystem.de/#website"},"datePublished":"2022-08-01T19:33:36+00:00","dateModified":"2022-08-02T21:03:57+00:00","breadcrumb":{"@id":"https://50jahrevolleyball.seosystem.de/index.php/das-jubilaeum/#breadcrumb"},"inLanguage":"de","potentialAction":[{"@type":"ReadAction","target":["https://50jahrevolleyball.seosystem.de/index.php/das-jubilaeum/"]}]},{"@type":"BreadcrumbList","@id":"https://50jahrevolleyball.seosystem.de/index.php/das-jubilaeum/#breadcrumb","itemListElement":[{"@type":"ListItem","position":1,"name":"Home","item":"https://50jahrevolleyball.seosystem.de/"},{"@type":"ListItem","position":2,"name":"Das Jubiläum"}]},{"@type":"WebSite","@id":"https://50jahrevolleyball.seosystem.de/#website","url":"https://50jahrevolleyball.seosystem.de/","name":"50 Jahre Volleyball-Abteilung im RTV","description":"50 Jahre Rolf Döhrer","potentialAction":[{"@type":"SearchAction","target":{"@type":"EntryPoint","urlTemplate":"https://50jahrevolleyball.seosystem.de/?s={search_term_string}"},"query-input":"required name=search_term_string"}],"inLanguage":"de"}]}</script>
<!-- / Yoast SEO plugin. -->

Das Jubiläum - 50 Jahre Volleyball-Abteilung im RTV

Wir haben im Vorfeld der Organisation und beim Sichten von Mailadressen und Kontakten nicht im Mindesten daran gedacht, dass wir einen solchen Erfolg mit unserem Jubiläumstag am 25.06.2022 haben könnten. Viele Mails waren nicht mehr gültig, Personen nicht mehr recherchierbar, mein Mailprogramm hat nach den ersten Massenmails sich massenhaft mit Fehlermeldungen zur Wehr gesetzt. Nicht [&hellip;]

50 Jahre Rolf Döhrer
